9
What are the prime factors of 128058699?
3, 2161, 19753
List the prime factors of 296578362.
2, 3, 17, 2907631
What are the prime factors of 521515164?
2, 3, 71, 612107
List the prime factors of 57733916.
2, 2477, 5827
List the prime factors of 3974384854.
2, 11, 180653857
What are the prime factors of 720883966?
2, 11, 151, 217003
List the prime factors of 63836470.
2, 5, 37, 4663
What are the prime factors of 110255551?
7, 15750793
List the prime factors of 213884272.
2, 7, 37, 51613
List the prime factors of 48440210.
2, 5, 7, 13, 53231
What are the prime factors of 4345671277?
47, 2857, 32363
What are the prime factors of 74910496?
2, 37, 151, 419
List the prime factors of 369682870.
2, 5, 79, 467953
What are the prime factors of 64521324?
2, 3, 7, 17, 15061
What are the prime factors of 395496611?
61, 353, 18367
List the prime factors of 1654043152.
2, 17, 163, 37307
List the prime factors of 87402166.
2, 19, 2300057
List the prime factors of 1662661298.
2, 831330649
List the prime factors of 1305040662.
2, 3, 72502259
List the prime factors of 3725751474.
2, 3, 613, 337661
What are the prime factors of 202415932?
2, 1381, 36643
What are the prime factors of 288325585?
5, 23, 263, 9533
What are the prime factors of 48716198?
2, 37, 658327
What are the prime factors of 157969852?
2, 39492463
List the prime factors of 2555111983.
1087, 2350609
List the prime factors of 232717049.
8951, 25999
List the prime factors of 175100124.
2, 3, 19, 181, 4243
List the prime factors of 1461225494.
2, 29, 359, 70177
What are the prime factors of 455023251?
3, 199, 28229
What are the prime factors of 1468473929?
13, 112959533
What are the prime factors of 38602988?
2, 17, 37, 67, 229
What are the prime factors of 136086554?
2, 68043277
What are the prime factors of 47063842?
2, 7, 23, 146161
List the prime factors of 35197613.
11, 23, 139121
List the prime factors of 161515062.
2, 3, 17, 23, 53, 433
List the prime factors of 22290198.
2, 3, 7, 10831
What are the prime factors of 307746625?
5, 2461973
List the prime factors of 455136103.
455136103
What are the prime factors of 7862656?
2, 19, 53, 61
What are the prime factors of 1106908906?
2, 233, 2375341
What are the prime factors of 828300611?
19, 37, 1178237
List the prime factors of 360572603.
7963, 45281
List the prime factors of 91206612.
2, 3, 7, 19, 43, 443
What are the prime factors of 1066171106?
2, 7, 11, 13, 76079
What are the prime factors of 34028241?
3, 13, 71, 12289
List the prime factors of 274494129.
3, 7, 13, 239, 601
List the prime factors of 1181649053.
13, 97, 109, 8597
List the prime factors of 90246224.
2, 5640389
What are the prime factors of 709112180?
2, 5, 7, 757, 6691
What are the prime factors of 181851309?
3, 61, 331241
What are the prime factors of 645927437?
645927437
List the prime factors of 38795333.
38795333
What are the prime factors of 751818?
2, 3, 125303
What are the prime factors of 321232426?
2, 160616213
What are the prime factors of 4121031441?
3, 20333, 67559
List the prime factors of 63934685.
5, 12786937
What are the prime factors of 35967639?
3, 59, 203207
What are the prime factors of 287636306?
2, 143818153
What are the prime factors of 2667668?
2, 757, 881
What are the prime factors of 623242335?
3, 5, 29, 1432741
What are the prime factors of 65478253?
65478253
What are the prime factors of 464142066?
2, 3, 101, 313, 2447
What are the prime factors of 1180268663?
7, 168609809
List the prime factors of 1257951982.
2, 7, 977, 91969
What are the prime factors of 218025038?
2, 7, 11, 19, 269, 277
List the prime factors of 571672696.
2, 7, 10208441
List the prime factors of 67559517.
3, 67, 181, 619
List the prime factors of 43714637.
43714637
What are the prime factors of 1208419751?
7, 11, 919, 17077
List the prime factors of 342501501.
3, 311, 367097
List the prime factors of 5308039873.
271, 439, 44617
What are the prime factors of 495084561?
3, 7901, 20887
What are the prime factors of 165117438?
2, 3, 773, 11867
List the prime factors of 159397287.
3, 7, 17, 97, 4603
What are the prime factors of 183768911?
29, 1483, 4273
What are the prime factors of 1775701965?
3, 5, 37, 3199463
List the prime factors of 62361393.
3, 331, 62801
What are the prime factors of 52399777?
19, 2757883
List the prime factors of 363706302.
2, 3, 1249, 48533
What are the prime factors of 216192846?
2, 3, 36032141
List the prime factors of 3698469176.
2, 1949, 237203
What are the prime factors of 83624909?
19, 109, 149, 271
What are the prime factors of 49331141?
1423, 34667
What are the prime factors of 35008957?
41, 139, 6143
List the prime factors of 941089891.
7, 134441413
List the prime factors of 79808423.
149, 535627
What are the prime factors of 668026812?
2, 3, 23, 31, 163, 479
What are the prime factors of 23655234?
2, 3, 457, 8627
What are the prime factors of 221509124?
2, 55377281
List the prime factors of 256649134.
2, 7, 23, 269, 2963
List the prime factors of 960978158.
2, 7, 6089, 11273
What are the prime factors of 107074029?
3, 131, 272453
List the prime factors of 1082231926.
2, 23, 59, 398759
List the prime factors of 658628308.
2, 13, 12665929
List the prime factors of 95343877.
653, 146009
What are the prime factors of 34866317?
34866317
List the prime factors of 161144625.
3, 5, 429719
List the prime factors of 1330827663.
3, 11, 40328111
List the prime factors of 6566042486.
2, 3283021243
List the prime factors of 2047655453.
1277, 1603489
What are the prime factors of 834411265?
5, 419, 398287
List the prime factors of 373391459.
7, 167, 319411
What are the prime factors of 198968369?
3181, 62549
List the prime factors of 291541650.
2, 3, 5, 83, 23417
What are the prime factors of 18590563?
18590563
List the prime factors of 130930850.
2, 5, 2618617
What are the prime factors of 66395194?
2, 33197597
List the prime factors of 390298820.
2, 5, 29, 89, 7561
List the prime factors of 2700653264.
2, 168790829
List the prime factors of 282726678.
2, 3, 13, 113, 32077
List the prime factors of 25456861.
383, 66467
List the prime factors of 957426225.
3, 5, 7, 1823669
What are the prime factors of 3729463935?
3, 5, 41, 173, 35053
List the prime factors of 19964809.
107, 186587
List the prime factors of 83826039.
3, 11, 2540183
What are the prime factors of 327450164?
2, 81862541
List the prime factors of 549493856.
2, 17, 29, 61, 571
What are the prime factors of 925549414?
2, 241, 1920227
What are the prime factors of 93592744?
2, 7, 29, 8233
List the prime factors of 3074316545.
5, 97, 499, 12703
What are the prime factors of 194433697?
23, 8453639
List the prime factors of 1212270316.
2, 303067579
List the prime factors of 4085011483.
7, 71, 8219339
What are the prime factors of 220055958?
2, 3, 59, 109, 1901
List the prime factors of 29308283.
29308283
List the prime factors of 442971000.
2, 3, 5, 83, 593
List the prime factors of 8433145246.
2, 79, 1361, 39217
What are the prime factors of 695736328?
2, 7, 1877, 6619
List the prime factors of 171635949.
3, 19, 29, 83, 139
List the prime factors of 23476174.
2, 11738087
What are the prime factors of 1670476124?
2, 19, 21979949
List the prime factors of 570206.
2, 7, 13, 241
What are the prime factors of 513633513?
3, 31, 5522941
List the prime factors of 1236296963.
11, 112390633
What are the prime factors of 672381608?
2, 991, 84811
What are the prime factors of 745007275?
5, 29800291
What are the prime factors of 1211761701?
3, 367, 40763
What are the prime factors of 252227475?
3, 5, 1121011
List the prime factors of 3133305579.
3, 6997, 149269
List the prime factors of 5788559282.
2, 11, 9467, 27793
List the prime factors of 292347890.
2, 5, 29234789
What are the prime factors of 2109433308?
2, 3, 1381, 127289
List the prime factors of 95773376.
2, 17, 19, 41, 113
List the prime factors of 662890142.
2, 331445071
What are the prime factors of 30007806?
2, 3, 5001301
What are the prime factors of 55815169?
29, 1924661
What are the prime factors of 493631591?
29, 1889, 9011
List the prime factors of 53412048.
2, 3, 41213
What are the prime factors of 491419110?
2, 3, 5, 7, 13, 180007
What are the prime factors of 37352042?
2, 7, 13, 15787
What are the prime factors of 1931032155?
3, 5, 13, 79, 1